 185.
58
Calculate the remainder when 224 is divided by 63.
35
What is the remainder when 345 is divided by 67?
10
Calculate the remainder when 52 is divided by 12.
4
What is the remainder when 472 is divided by 68?
64
Calculate the remainder when 638 is divided by 6.
2
Calculate the remainder when 314 is divided by 304.
10
Calculate the remainder when 124 is divided by 34.
22
What is the remainder when 1139 is divided by 344?
107
Calculate the remainder when 189 is divided by 61.
6
What is the remainder when 416 is divided by 22?
20
Calculate the remainder when 2147 is divided by 411.
92
What is the remainder when 286 is divided by 55?
11
What is the remainder when 124 is divided by 73?
51
What is the remainder when 571 is divided by 72?
67
Calculate the remainder when 182 is divided by 25.
7
What is the remainder when 4894 is divided by 59?
56
Calculate the remainder when 821 is divided by 69.
62
Calculate the remainder when 160 is divided by 59.
42
What is the remainder when 133 is divided by 6?
1
Calculate the remainder when 167 is divided by 34.
31
Calculate the remainder when 12437 is divided by 33.
29
What is the remainder when 351 is divided by 118?
115
Calculate the remainder when 876 is divided by 177.
168
What is the remainder when 217 is divided by 114?
103
What is the remainder when 11391 is divided by 9?
6
What is the remainder when 458 is divided by 7?
3
What is the remainder when 691 is divided by 88?
75
Calculate the remainder when 136 is divided by 17.
0
What is the remainder when 89 is divided by 12?
5
Calculate the remainder when 797 is divided by 42.
41
What is the remainder when 854 is divided by 66?
62
Calculate the remainder when 86 is divided by 39.
8
What is the remainder when 653 is divided by 8?
5
Calculate the remainder when 1224 is divided by 61.
4
Calculate the remainder when 3322 is divided by 3.
1
What is the remainder when 59 is divided by 46?
13
What is the remainder when 318 is divided by 12?
6
What is the remainder when 344 is divided by 62?
34
What is the remainder when 2730 is divided by 61?
46
What is the remainder when 12 is divided by 2?
0
Calculate the remainder when 2163 is divided by 57.
54
What is the remainder when 87 is divided by 14?
3
What is the remainder when 34 is divided by 23?
11
Calculate the remainder when 54 is divided by 9.
0
What is the remainder when 186 is divided by 19?
15
Calculate the remainder when 93 is divided by 12.
9
Calculate the remainder when 205 is divided by 28.
9
What is the remainder when 634 is divided by 188?
70
What is the remainder when 616 is divided by 21?
7
What is the remainder when 1880 is divided by 1863?
17
What is the remainder when 83 is divided by 7?
6
What is the remainder when 1436 is divided by 22?
6
Calculate the remainder when 158 is divided by 97.
61
Calculate the remainder when 5019 is divided by 32.
27
What is the remainder when 311 is divided by 19?
7
What is the remainder when 1373 is divided by 1351?
22
Calculate the remainder when 664 is divided by 67.
61
What is the remainder when 8976 is divided by 2990?
6
What is the remainder when 107 is divided by 37?
33
Calculate the remainder when 971 is divided by 27.
26
Calculate the remainder when 743 is divided by 345.
53
What is the remainder when 692 is divided by 330?
32
What is the remainder when 830 is divided by 56?
46
Calculate the remainder when 419 is divided by 27.
14
What is the remainder when 253 is divided by 16?
13
What is the remainder when 539 is divided by 23?
10
What is the remainder when 1658 is divided by 30?
8
Calculate the remainder when 16350 is divided by 237.
234
Calculate the remainder when 4893 is divided by 36.
33
Calculate the remainder when 166 is divided by 34.
30
What is the remainder when 367 is divided by 40?
7
Calculate the remainder when 1977 is divided by 44.
41
What is the remainder when 1555 is divided by 175?
155
Calculate the remainder when 20436 is divided by 292.
288
Calculate the remainder when 1005 is divided by 112.
109
What is the remainder when 1421 is divided by 62?
57
Calculate the remainder when 2947 is divided by 67.
66
What is the remainder when 892 is divided by 148?
4
What is the remainder when 1690 is divided by 278?
22
Calculate the remainder when 115 is divided by 50.
15
What is the remainder when 1399 is divided by 56?
55
What is the remainder when 624 is divided by 145?
44
What is the remainder when 178 is divided by 15?
13
What is the remainder when 214 is divided by 43?
42
Calculate the remainder when 146 is divided by 74.
72
Calculate the remainder when 57 is divided by 13.
5
What is the remainder when 5053 is divided by 79?
76
Calculate the remainder when 151 is divided by 38.
37
What is the remainder when 154 is divided by 47?
13
Calculate the remainder when 20060 is divided by 14.
12
Calculate the remainder when 602 is divided by 101.
97
What is the remainder when 298 is divided by 123?
52
What is the remainder when 2763 is divided by 27?
9
Calculate the remainder when 122 is divided by 22.
12
Calculate the remainder when 736 is divided by 11.
10
Calculate the remainder when 143 is divided by 50.
43
What is the remainder when 423 is divided by 144?
135
Calculate the remainder when 144 is divided by 66.
12
Calculate the remainder when 11132 is divided by 58.
54
Calculate the remainder when 18 is divided by 13.
5
Calculate the remainder when 152 is divided by 41.
29
What is the remainder when 68 is divided by 23?
22
Calculate the remainder when 337 is divided by 17.
14
What is the remainder when 30 is divided by 13?
4
Calculate the remainder when 2334 is divided by 578.
22
What is the remainder when 320 is divided by 55?
45
What is the remainder when 173 is divided by 46?
35
Calculate the remainder when 192 is divided by 20.
12
Calculate the remainder when 174 is divided by 55.
9
Calculate the remainder when 278 is divided by 40.
38
What is the remainder when 579 is divided by 188?
15
Calculate the remainder when 3887 is divided by 62.
43
Calculate the remainder when 3975 is divided by 133.
118
Calculate the remainder when 250 is divided by 86.
78
Calculate the remainder when 964 is divided by 956.
8
Calculate the remainder when 691 is divided by 64.
51
What is the remainder when 1698 is divided by 46?
42
What is the remainder when 165 is divided by 75?
15
What is the remainder when 415 is divided by 312?
103
Calculate the remainder when 787 is divided by 72.
67
Calculate the remainder when 431 is divided by 73.
66
Calculate the remainder when 1139 is divided by 190.
189
Calculate the remainder when 20033 is divided by 54.
53
What is the remainder when 278 is divided by 35?
33
What is the remainder when 207 is divided by 71?
65
What is the remainder when 3631 is divided by 182?
173
What is the remainder when 626 is divided by 130?
106
What is the remainder when 139 is divided by 4?
3
What is the remainder when 412 is divided by 89?
56
What is the remainder when 1798 is divided by 7?
6
Calculate the remainder when 2771 is divided by 28.
27
Calculate the remainder when 69 is divided by 7.
6
Calculate the remainder when 270 is divided by 75.
45
Calculate the remainder when 268 is divided by 55.
48
Calculate the remainder when 234 is divided by 59.
57
What is the remainder when 31 is divided by 7?
3
What is the remainder when 297 is divided by 5?
2
Calculate the remainder when 129 is divided by 38.
15
What is the remainder when 1181 is divided by 15?
11
What is the remainder when 530 is divided by 53?
0
What is the remainder when 2709 is divided by 443?
51
What is the remainder when 4448 is divided by 25?
23
What is the remainder when 26997 is divided by 18?
15
Calculate the remainder when 863 is divided by 109.
100
Calculate the remainder when 955 is divided by 20.
15
Calculate the remainder when 1366 is divided by 1365.
1
What is the remainder when 1849 is divided by 25?
24
What is the remainder when 77 is divided by 63?
14
Calculate the remainder when 12 is divided by 4.
0
Calculate the remainder when 166 is divided by 9.
4
What is the remainder when 923 is divided by 181?
18
Calculate the remainder when 3666 is divided by 12.
6
What is the remainder when 698 is divided by 281?
136
Calculate the remainder when 96 is divided by 11.
